visor of j and 2674.
7
Let f be (-2176)/(-40) + 9/15. Let u = 147 + -103. What is the highest common factor of u and f?
11
Let x(j) = 2*j + 63. Let a be x(-20). Suppose -4*k + 571 = -253. Suppose 9 = -3*l, l + k = 2*f - 211. What is the greatest common factor of f and a?
23
Suppose 5*y = 113 + 692. Let a(h) = 10*h - 54. Let u be a(-13). Let z be 20/(-8)*u/20. What is the greatest common divisor of y and z?
23
Let d = 1151 + -189. What is the greatest common factor of 78 and d?
26
Let m = -60 + 57. Suppose -7*x = -2*x - 4*d - 488, 0 = -2*x + 2*d + 196. Let a = x - m. What is the greatest common divisor of 66 and a?
33
Let g be ((-16)/(-3))/(((-204)/(-36))/17). Let l = 24 + -6. Let b be 282/l + (-2)/(-6). Calculate the greatest common factor of b and g.
16
Suppose 13*h + 14494 - 14754 = 0. What is the greatest common factor of 1180 and h?
20
Let m be (-95)/(-15) + (-2)/(-3). Suppose m*t + 2*t + 135 = 0. Let n(r) = r**2 + 14*r - 2. Let z be n(t). What is the greatest common divisor of z and 52?
13
Let v = 261 + -252. Let f be 339/v - 5/3. Suppose -4*i + 20 = 0, 0*i = -4*h + 3*i + 273. Calculate the greatest common divisor of f and h.
36
Suppose 70*m - 74*m - d + 1592 = 0, -5*m = -5*d - 2015. What is the greatest common divisor of m and 3297?
21
Let m be (-55)/2*((-1456)/70 - -16). Let u(v) be the first derivative of -3*v**2/2 + 3*v - 2. Let w be u(-3). Calculate the highest common factor of m and w.
12
Let a = -97 - -87. Let z be (((-76)/a)/1)/(6/15). What is the greatest common divisor of z and 76?
19
Let p = 10719 - 10500. What is the greatest common divisor of 1095 and p?
219
Let u be 30/(-55) + (-1328340)/(-286). Calculate the highest common factor of 688 and u.
172
Suppose 5*s = -4*m + 1662, 2*s + 1392 = 3*m + 180. What is the highest common factor of 289 and m?
17
Suppose 2*w - 96*v - 792 = -92*v, -2*v = 2*w - 804. Calculate the greatest common divisor of w and 25.
25
Let u = -167 + 171. Let s be 411*7/189 + u/(-18). What is the highest common divisor of s and 35?
5
Let p = 80223 - 46669. Calculate the greatest common factor of p and 38.
38
Let d(q) = -20*q - 38. Let a = -85 - -88. Let b(n) = -7*n - 13. Let t(j) = a*d(j) - 8*b(j). Let p be t(-10). Calculate the highest common divisor of 270 and p.
30
Suppose 39*q + 33254 = -208. Suppose -12 = 4*v - 6*v. Let r be 1/v - q/36. What is the greatest common divisor of 84 and r?
12
Suppose -3*c + 214 = 4*l, 115*l - 5*c = 113*l + 120. What is the greatest common divisor of 65 and l?
5
Let j(h) = h**3 - 99*h**2 + 131*h - 1353. Let w be j(98). Calculate the greatest common factor of w and 285.
57
Let z be 49 + -50 + (-5)/(-3)*3. Calculate the highest common divisor of 66 and z.
2
Let s be ((-15)/9)/(1/(-18)*2). Suppose -v - 3*v = -5*t - 33, 3*t + s = 0. Calculate the highest common factor of 1 and v.
1
Let x = 811 - 1403. Let z = -333 - x. Let v(j) = 4*j + 1. Let s be v(9). Calculate the greatest common divisor of s and z.
37
Suppose -294*h + 10850 + 26720 = 284*h. Calculate the greatest common divisor of 234 and h.
13
Let l = -9147 - -11865. What is the highest common factor of l and 755?
151
Suppose 0 = 5*n + 4 + 266. Let d = n - -55. Let z be -7 - -47 - (-1 - d). Calculate the greatest common factor of z and 14.
14
Suppose 573*k - 616*k + 129 = 0. Calculate the greatest common divisor of k and 1563.
3
Let f be 2*((-8)/(-16) - (-3 - -1)). Suppose -177 = -f*x - 57. Calculate the highest common divisor of 264 and x.
24
Suppose -1776 = k + 11*k. Let u = k + 271. Calculate the greatest common factor of 205 and u.
41
Let d = 476 - 476. Suppose 4*q + 2*f - 25 = 3*f, d = q - 3*f - 9. Calculate the greatest common factor of q and 138.
6
Let j be (-16)/1040*-26 + (-640)/(-25). Suppose -t = -11 - 509. Calculate the greatest common factor of j and t.
26
Suppose z + 3080 = 21*z. Calculate the highest common divisor of z and 1474.
22
Let u = 12 + -5. Suppose 90 = 3*h - 4*m, -5*m + 2*m + 120 = 4*h. Let i be 21/30*-12*h/(-6). Calculate the greatest common factor of i and u.
7
Suppose -2*u = 3*p + 25 - 89, -u - 111 = -5*p. Suppose -5*t - 3*v + 156 = 0, 12 + 3 = t + 6*v. What is the greatest common factor of p and t?
11
Let j(q) = 10*q**2 + 4*q + 21. Let i be j(4). What is the highest common factor of i and 25413?
197
Let l be 18/4 - 69/46. Let t be (-1 + 8/l)/(27/405). Suppose -3*o + 67 = 5*s, 2*s - 2*o - t = -5*o. What is the highest common factor of s and 2?
2
Let b(s) = -s**3 - 4*s**2 - 11*s + 2. Suppose 8*q - 3*q + 20 = 0. Let k be b(q). Suppose f - k = -f. What is the highest common divisor of 161 and f?
23
Suppose 149*d = 138*d + 121. Let h be 429/12 + (55/20)/d. Calculate the greatest common divisor of 1332 and h.
36
Suppose -3*m + 10 = -4*w, 0 = 2*m - 0*m - w. Let i be 4885/55 - 1 - m/11. What is the greatest common divisor of 33 and i?
11
Suppose -5 = j - 2, 3*f + 3*j = 0. Suppose 39 = 4*l + f*v, -2*l - 3*v = -7*l + 42. Suppose -675 = -16*p - 9*p. Calculate the highest common divisor of l and p.
9
Let t = 119 - 103. Suppose -3*b + t = 1, -4*w = 5*b - 445. Let x = -6 + 27. Calculate the greatest common factor of x and w.
21
Let w be 28/(-6)*(-6)/4. Suppose 2*k - 11 = -5*x, -3*k - 2*x + w = -4. What is the highest common divisor of k and 3?
3
Let o = 16 + 0. Let f = -144 - -153. Let y be 32/(-3)*(f/2)/(-3). What is the highest common factor of y and o?
16
Let r = -86 - -185. Let i = r + -89. What is the greatest common divisor of 110 and i?
10
Suppose 5*g - 5054 + 869 = 0. Let l(t) = t**3 - 8*t**2 - 30*t - 6. Let p be l(11). Calculate the greatest common divisor of p and g.
27
Let n = 967 + -957. Let c(j) = -j**3 - 6*j**2 - 4*j + 7. Let g be c(-5). Let z be (n/12)/(g/12). What is the highest common divisor of z and 2?
1
Let y be (14691/166)/((-1)/(-38)). What is the highest common factor of y and 177?
177
Suppose 0 = -0*b + 3*b + 141. Let s = b - -51. Suppose v = -2*y + 28, -2 = y - s*v + 2. Calculate the greatest common divisor of y and 36.
12
Let u(g) = 5*g + 57. Let x be u(-14). Let w(n) = -n**2 - 11*n + 32. Let j be w(x). Calculate the highest common divisor of j and 54.
6
Suppose -2*d = 0, -4*h + 3*d + 652 = -0*d. Suppose h = 2*v + u, 19*v + 5*u = 24*v - 415. Calculate the greatest common factor of 287 and v.
41
Let o = 18397 + -18391. What is the greatest common factor of 384 and o?
6
Let b be -1*(-2)/((-6)/(-327)). Let q = b - 87. Let x be (-9 - q)/((-2)/(4/2)). What is the highest common divisor of x and 155?
31
Suppose -c - 1 + 6 = 0. Suppose 18*o = c*o + 2028. What is the greatest common divisor of o and 234?
78
Let j be -36*(-100)/64*4. What is the greatest common divisor of 315 and j?
45
Suppose -16*n + 623 = -385. Let y be (n + 0)/(-6*10/(-60)). Calculate the highest common factor of 35 and y.
7
Let r(d) = 2*d**2 - 2*d - 26. Let m be r(7). What is the greatest common factor of 3886 and m?
58
Let f = -1922 + 3391. What is the highest common divisor of 26 and f?
13
Suppose -87*o + 1505429 = 442811. Calculate the highest common factor of 248 and o.
62
Let u be 2 - -1*(-93)/(-3). Suppose -u*z + 29*z = -360. What is the greatest common factor of z and 6?
6
Let t be ((-630)/(-60))/(3/(-4)). Let g(u) = -6*u + 21. Let j be g(t). Calculate the highest common divisor of j and 60.
15
Suppose -4*u + 3*u - 6 = 0. Let d be u/(-1) - (1 + 1). Let i = 48147 + -48127. Calculate the greatest common divisor of i and d.
4
Let f be 8 - -135 - (-6 - -29). Calculate the greatest common divisor of 3090 and f.
30
Let p be -30 + 28 + (2/4)/(7/70). Let m(u) = 3*u - 3. Let o be m(2). Suppose o*n + 22 = 58. What is the greatest common divisor of n and p?
3
Let i = 24597 + -13846. What is the highest common factor of i and 39?
13
Let p = -8687 + 8927. What is the greatest common factor of 18 and p?
6
Let b = -13453 + 14718. What is the greatest common factor of 1771 and b?
253
Let m = 19352 + -19346. Calculate the greatest common divisor of 1065 and m.
3
Let j(n) = 17*n - 1308. Let g be j(81). Calculate the greatest common factor of g and 253.
23
Suppose 0 = -226*p + 42971 - 2743. Calculate the highest common factor of p and 14329.
89
Suppose 2893 + 567 = 5*u. Let w = u - 461. Calculate the greatest common divisor of 154 and w.
77
Suppose -133*v + 43825 = -69358. Calculate the highest common factor of v and 37.
37
Let n